j + 3*t + 85845. Let g = -19486 + j. Is g composite?
True
Suppose 33 + 11 = 22*l. Suppose 15*b - 107419 = l*b. Is b a prime number?
True
Suppose -3*a + 30 = 6*z - 5*z, 5*a = 25. Let k = 19 - z. Suppose 0 = -q + k, v - 5*q - 78 = 137. Is v a prime number?
False
Suppose -245477 = -3*f + 4*u, 5*f + u - 62306 = 346807. Is f composite?
True
Let u(r) = -111*r**2 - 6*r - 26. Let f(q) = -2*q**2 - 2. Let c(d) = -3*f(d) - u(d). Is c(-7) prime?
False
Suppose -1276 = -2*k - 4*d, -4*d - 637 = -k - 7*d. Let b = k - 247. Is b a prime number?
False
Suppose -3*b = 4*a - 2168750 - 841634, 0 = -a + 4*b + 752577. Is a a prime number?
True
Suppose -2*i = -2*o - 4, 0 = 2*i - 3*o + 3 - 7. Suppose 7950 + 2734 = i*n. Is n a prime number?
False
Let q = 163214 - 103270. Suppose 0 = 84*z - 76*z - q. Is z prime?
False
Suppose 0 = -3*p - 4*g + 294806 - 5671, -g = 2*p - 192755. Is p composite?
False
Let i = 72 - 50. Suppose z - 1165 = -216. Let n = z + i. Is n prime?
True
Suppose 17*l = 37 + 82. Suppose -q - 2*r + 16245 = 0, -l*q + r = -11*q + 65008. Is q a prime number?
True
Is 11*(-24)/(-1716) + (-1)/(52/(-15820004)) composite?
True
Let s be 2*-1 + -9 + 11 + 2. Is (0 - -1)*(5193 + (s - 4)) a prime number?
False
Let m = 44 + 133. Suppose 3*x + 101 = 275. Let b = x + m. Is b a composite number?
True
Let u(k) = 3*k**2 + 25*k + 29. Let b be ((-32)/10*-1)/((-6)/30). Is u(b) a composite number?
False
Let r(w) be the third derivative of -17*w**4 - 155*w**3/6 - 41*w**2. Is r(-24) a composite number?
True
Let g = 147497 + -56184. Is g prime?
False
Suppose 3*l + 7 = -4*i - 34, -5*i = 2*l + 32. Let m(f) = 9*f. Let g(w) = -7*w - 8. Let j(v) = -7*g(v) - 6*m(v). Is j(l) a composite number?
True
Suppose -b + 78 = -2*b. Let i be (b/12)/((-3)/(-4476)). Is (i/(-39))/(2/3) prime?
True
Suppose -8*z + 30 = 2*z. Let b(h) = 6*h**2 - h**z + 9*h - 14 - 2*h - 3*h. Is b(5) a prime number?
True
Let g(h) = 148*h**3 + 14*h**2 - 6*h + 61. Is g(5) a composite number?
True
Let x(v) be the first derivative of v**5/20 - 2*v**3/3 + 187*v**2/2 + 15*v - 12. Let u(k) be the first derivative of x(k). Is u(0) a prime number?
False
Suppose -d - 40*z + 38*z - 4 = 0, 3*d + 3*z = 0. Let f(t) = t**2 + 3*t + 2. Let g be f(-5). Suppose 0 = -g*b + d*b + 3208. Is b a prime number?
True
Let a(v) = 2*v - 4*v + 0*v + 14. Let p be a(7). Suppose p = -3*k + 198 + 795. Is k a composite number?
False
Let o = 4305 + -2495. Suppose -2955 = -5*i + o. Is i composite?
False
Let h(s) = 3*s**2 - 14*s - 3. Let k be h(6). Suppose 27*p - 16314 = k*p. Is p prime?
True
Suppose 3*i = -4*z + 93247, 9*z - 2*i = 10*z - 23308. Is z composite?
True
Suppose 3*r = -2*t + 40612, -t = -2*r + 6813 - 27112. Is t prime?
False
Let u = -58 - -58. Suppose 17*v - 76108 - 411333 = u. Is v a prime number?
False
Suppose 158558 = -52*p - 133838. Let g = p + 9000. Is g a composite number?
True
Let k(l) = -465*l - 71 - 5*l + 4 - 136*l. Is k(-9) prime?
True
Suppose -5*g + 2*s = -0*s + 110, 4*g + 3*s + 88 = 0. Let r be 4/g + 20*5/(-55). Is 4 + r - (-145 + 4) prime?
False
Suppose -k + 6*k = 515. Let d = -217 - k. Let f = d - -567. Is f a prime number?
False
Suppose 4*n - n = -o + 28, -3*o + 52 = 5*n. Suppose 6*p - n - 4 = 0. Suppose -2*b + p*g + 576 = -0*b, -3*b + 865 = -2*g. Is b a prime number?
False
Let v be 3/6 - 12/(-24). Is 72989/21*3*v composite?
False
Suppose 159*d + 3*v = 155*d + 223424, -55867 = -d + 2*v. Is d a prime number?
False
Let v be (-4 - -3)/((-45)/(-48) - 1). Suppose -v = -11*m + 39. Suppose -4044 = -4*g + m*w + 512, -2*w - 5695 = -5*g. Is g a composite number?
True
Let b = 127 + -125. Suppose -6 = 2*k - 0*k, -b*z + 5*k + 9889 = 0. Is z a composite number?
False
Let f(g) = -54770*g**3 + 4*g**2 + 42*g + 145. Is f(-3) a composite number?
True
Let t(y) = y**2 + 3*y + 3. Let f be t(-5). Let w(u) = -2*u**2 + 27*u - 27. Let g be w(f). Is (2/(-8) - 0)/(g/174104) a composite number?
False
Let t(l) = l**2. Let f(z) = -63*z**2 + 11*z - 21. Let q(o) = -f(o) + 2*t(o). Is q(2) a prime number?
False
Suppose 2*i - o = 5052 - 1325, -4*o + 4 = 0. Let q = i + -1062. Is q a prime number?
False
Suppose 0 = 9*i - 18*i - 9. Is (-29 + 30)/(i/(-1282)) a prime number?
False
Suppose 5*t + 0 + 8 = r, 4*r + 5*t - 7 = 0. Let g(h) = -1. Let q(f) = 68*f**2 + 4*f - 5. Let s(a) = -4*g(a) + q(a). Is s(r) composite?
True
Let h(d) = 0*d**2 - d**3 - 24 + 49 - 20 + 5*d**2 - 2*d**2. Is h(-9) a composite number?
False
Is 3 - (-3)/((-39)/(-10478)) a prime number?
True
Suppose -4*r + p + 210 = 0, -4*r + 3*p + 19 = -187. Let n = 996 + r. Is n composite?
False
Let w = -24619 + 4703. Let a = 45217 + w. Is a prime?
True
Suppose 0 = 11*a - 14*a + 24. Suppose 3*x - c = 17503, -12*c + 11664 = 2*x - a*c. Is x prime?
False
Let d(f) = f**2 - 11*f - 63. Let o be d(15). Let x be 3/9 + o + (-10100)/(-12). Suppose -3*l - l + 3356 = 2*q, l = q + x. Is l a prime number?
True
Is 35/63*-9 - -2*6653 composite?
True
Let t be 0 - (-1)/1 - 45/(-15). Suppose -3764 = j - 2*j. Suppose -4*n + t*x + j = 0, -2*n + 4*x = -4*n + 1894. Is n a composite number?
True
Let t(m) = 18*m + 130. Let r be t(-7). Suppose r*v - 474 = 418. Is v prime?
True
Let z(v) be the first derivative of -4*v - 3 - 29/2*v**2 + 1/2*v**4 - 4*v**3. Is z(13) a prime number?
False
Let f be (2 + (-12)/4)*4371/(-3). Suppose 3*i + f = k - 477, -9680 = -5*k + 5*i. Is k prime?
False
Let s = 1482 - 4712. Suppose 0 = 3*q + 2*q - 2*l - 25569, 4*q - 20458 = 3*l. Let k = s + q. Is k a composite number?
True
Let g be (-20)/(-6) - (-172)/258. Let l(t) = 439*t + 55. Is l(g) prime?
True
Suppose 3*i - 10437 = -3*s, s = -2*s - i + 10437. Suppose -2*u + 3699 + s = 0. Is u composite?
True
Suppose -615087 = -171*c + 3088944. Is c prime?
True
Let d(s) = 2*s - 2. Let a(x) = -247*x**2 - 16*x + 1. Let b(h) = -a(h) - 6*d(h). Is b(-2) a prime number?
True
Let y(o) = o**2 + 42*o + 16. Suppose -d + 2*d + 4 = 0, 5*r - 3*d = 217. Suppose r = -4*x + 133. Is y(x) prime?
True
Let x be -3424 - -5 - -3 - -6. Let j = 5868 + x. Is j composite?
True
Suppose -10*i + 181188 = 4*c, 5*i = c + 119010 - 28422. Is i a composite number?
True
Suppose b + 20 = 5*h, b - 3*b + 20 = 2*h. Suppose -b*s = -4280 - 2015. Is s a composite number?
False
Is (-1)/(-2) + (1 + 299151/(-18))/(-1) prime?
True
Suppose 9639391 + 20754051 = 46*d. Is d composite?
False
Suppose -26*c + 120154509 = 96*c + 121*c. Is c composite?
True
Suppose -31*r = -26*r - 3175. Suppose -10*f = -415 - r. Suppose 11 = -l + f. Is l a prime number?
False
Let g(q) = 5*q**3 + 3*q - 4. Let b be g(1). Suppose b*k + 4*p + 3239 = 9*k, 3*k - 1945 = 4*p. Is k prime?
True
Let b be 12/24 + 5/2. Is (-6)/18*b + 542 a composite number?
False
Suppose 20*y + 796714 = 21*y - 4*v, 3*v - 2390142 = -3*y. Suppose -y + 164007 = -23*r. Is r a prime number?
True
Let q(d) be the third derivative of -1/120*d**6 + 0*d - 2*d**2 + 5/6*d**3 - 1/60*d**5 + 0 + 7/12*d**4. Is q(-8) a prime number?
False
Suppose 0 = 6*g - 2*g - 2*h - 10, -4*g + 7 = -5*h. Suppose y = -b + 1407 + 2286, g*b + 6 = 0. Is y prime?
False
Let v = 66 - 52. Let k(j) = -j**3 + 4*j + 2 + 7*j - 1 + v*j**2 + 4. Is k(13) a prime number?
True
Suppose h = 3*h + 3898. Let v be 12/18*h - (-1)/3. Let r = 2348 + v. Is r a prime number?
True
Let g = 1916666 - 369573. Is g composite?
False
Let j(f) = f**3 - 30*f**2 - 122*f - 130. Is j(43) a composite number?
False
Suppose -320 = -4*t - 4*l, -90 - 275 = -5*t + 2*l. Let u = 78 - t. Suppose -n - a + 829 = -56, 0 = u*n - 3*a - 2667. Is n composite?
False
Let z be (18 + -12)*(-10)/(-12). Suppose z*o + 4*s = -3 - 2, 2*s = -3*o - 1. Suppose o*x = 4*x - 5*d - 249, -4*x + 996 = -2*d. Is x prime?
False
Suppose 0 = -33*k + 111*k - 16257774. Is k a composite number?
False
Let y = 399221 + -188535. Suppose -40*i + 26*i + y = 0. Is i composite?
True
Suppose 859756 = -88*u - 85*u + 177*u. Is u a prime number?
True
Suppose 0 = -37*w + 263*w - 21*w - 24805615. Is w prime?
False
Is (-1)/(((-4)/(-16))/((-31193785)/140)) prime?
True
Suppose 56*g + 215*g - 6284219 = 0. Is g a composite number?
False
Suppose 28*t - 7159 = 5469. Let j = 1248 - t. Is j a composite number?
False
Suppose 0 = 70*r - 58*r. Suppose 2*q = -3*o + 48879, 3*q - q = r. Is o composite?
True
Let x = 167 + -58. Suppose -118 + x = -3*m. Suppose m*v = 7*v - 2212. Is v composite?
True
Is (9/8)/(-9) - 52107/(